{"id":180,"date":"2025-04-22T15:27:18","date_gmt":"2025-04-22T13:27:18","guid":{"rendered":"https:\/\/juwelier-kuhl.de\/?page_id=180"},"modified":"2026-04-15T17:20:29","modified_gmt":"2026-04-15T15:20:29","slug":"ohrlochstechen","status":"publish","type":"page","link":"https:\/\/www.juwelier-kuhl.de\/index.php\/ohrlochstechen\/","title":{"rendered":"Ohrlochstechen"},"content":{"rendered":"<!-- VideographyWP Plugin Message: Automatic video embedding prevented by plugin options. -->\n\n<h2 class=\"wp-block-heading\">Alle Infos zum Thema Ohrlochstechen<\/h2>\n\n\n\n<p>Sprechen Sie uns gerne nach einem Termin zum Stechen an oder lassen Sie sich von uns vor Ort beraten. <\/p>\n\n\n\n<p>Wir nutzen das STUDEX System75, da es sehr sanft, gewebefreundlich und kaum sp\u00fcrbar ist.<br>Das System ist praktisch ger\u00e4uschlos und daher auch ideal f\u00fcr Kinder geeignet.<\/p>\n\n\n\n<p>F\u00fcr <strong>Kinderohrloch-stechen<\/strong> (beide Seiten gleichzeitig) fragen Sie uns nach einem Termin.<\/p>\n\n\n\n<h2 class=\"wp-block-heading\">Vor dem Stechen:<\/h2>\n\n\n\n<details class=\"wp-block-details is-layout-flow wp-block-details-is-layout-flow\"><summary>Was k\u00f6nnte gegen das Stechen sprechen?<\/summary>\n<p>Bei Diabetes, Epilepsie, Hepatitis, HIV, H\u00e4mophilie (Bluterkrankheit), Herzerkrankungen oder wenn Sie an Schwindelgef\u00fchl leiden, sollten Sie dies vorher mit Ihrem Hausarzt abkl\u00e4ren. Auch sollten Sie keine blutverd\u00fcnnenden Medikamente einnehmen und nicht unter dem Einfluss von Alkohol und\/oder Drogen stehen.<\/p>\n<\/details>\n\n\n\n<details class=\"wp-block-details is-layout-flow wp-block-details-is-layout-flow\"><summary>Ab welchem Alter ist Ohrlochstechen f\u00fcr Kinder erlaubt?<\/summary>\n<p>Es gibt kein Mindestalter f\u00fcr das Ohrlochstechen bei Kindern. Die Entscheidung f\u00fcr das Ohrlochstechen liegt im Ermessen der Eltern bzw. Erziehungsberechtigten. Allerdings m\u00fcssen diese bei minderj\u00e4hrigen Kindern generell eine schriftliche Einverst\u00e4ndniserkl\u00e4rung abgeben. Bei Kindern unter 16 Jahren m\u00fcssen sie beim Ohrlochstechen au\u00dferdem anwesend sein.<\/p>\n\n\n\n<p>Aus medizinischer Sicht spielt das Alter beim Ohrlochstechen keine Rolle. Laut Deutschem Berufsverband der Hals-Nasen-Ohren-\u00c4rzte gilt:<\/p>\n\n\n\n<p>\u201eMedizinisch betrachtet spielt es keine Rolle, ob sich jemand schon als Kind oder erst sp\u00e4ter ein Ohrloch stechen l\u00e4sst. Das Ohrl\u00e4ppchen eigne sich in jedem Alter gleicherma\u00dfen daf\u00fcr, erkl\u00e4rt Michael Deeg vom Berufsverband der HNO-\u00c4rzte in Freiburg. Auch das Schmerzempfinden sei bei Kindern nicht gr\u00f6\u00dfer als bei Erwachsenen: Das Stechen werde h\u00e4ufig nur als Piks empfunden, so der Facharzt.\u201d<br>Quelle: news.de\/dpa, 16.10.2012<\/p>\n<\/details>\n\n\n\n<details class=\"wp-block-details is-layout-flow wp-block-details-is-layout-flow\"><summary>Kann man zu jeder Jahreszeit Ohrl\u00f6cher stechen?<\/summary>\n<p>Ja, das ist problemlos m\u00f6glich. Man h\u00f6rt manchmal, dass es keine gute Idee ist, sich im Winter Ohrl\u00f6cher stechen zu lassen. Wir wissen nicht, woher dieser Aberglaube stammt, denn es gab eigentlich nie eine wirklich gute Erkl\u00e4rung daf\u00fcr. Aber die gute Nachricht ist: Man kann sich zu jeder Jahreszeit Ohrl\u00f6cher machen lassen.<\/p>\n<\/details>\n\n\n\n<details class=\"wp-block-details is-layout-flow wp-block-details-is-layout-flow\"><summary>Ohrringe beim Sport herausnehmen?<\/summary>\n<p>In manchen Schulen, Sportvereinen oder anderen Institutionen gibt es Regelungen zum Tragen von Schmuck. Es kann sein, dass Ohrringe dort beim Sport generell nicht erlaubt sind oder abgeklebt werden m\u00fcssen. Sie sollten sich hier\u00fcber ggf. vor dem Ohrlochstechen informieren. Um zu verhindern, dass die neuen Ohrl\u00f6cher wieder zuwachsen, sollen die Erstohrringe w\u00e4hrend der Heilphase nicht entfernt werden. Sollte das aufgrund der jeweiligen Regelungen nicht m\u00f6glich sein, ist es ratsam, das Ohrlochstechen lieber f\u00fcr die Ferienzeit zu planen.<\/p>\n<\/details>\n\n\n\n<details class=\"wp-block-details is-layout-flow wp-block-details-is-layout-flow\"><summary>Wie unterscheiden sich Ohrlochstechen im Ohrl\u00e4ppchen und im Knorpelbereich?<\/summary>\n<p><\/p>\n\n\n\n<p>Das traditionelle Ohrlochstechen im weichen Ohrl\u00e4ppchen (Lobe) mit modernen Instrumenten ist f\u00fcr die meisten Menschen kaum sp\u00fcrbar oder wird allenfalls als kleines Piken wahrgenommen. Das Ohrl\u00e4ppchen wird gut durchblutet. Daher verheilt das Ohrloch hier relativ schnell. Das hei\u00dft, die antiallergischen Erststecker k\u00f6nnen bereits nach 6 Wochen durch andere Ohrringe ersetzt werden. Nach etwa 5 bis 6 Monaten sind die Ohrl\u00f6cher in der Regel vollst\u00e4ndig verheilt.<br>Das Ohrlochstechen im oberen flachen Knorpelbereich (Helix) des Ohrs steht heutzutage an zweiter Stelle der Beliebtheitsskala aller Ohrlocharten. Knorpel ist das einzige Gewebe des K\u00f6rpers, das nicht durchblutet wird. Daher kann das Blut dort nicht daf\u00fcr sorgen, Stoffwechselprodukte abzutransportieren und N\u00e4hrstoffe zuzuf\u00fchren. Dies erfolgt an dieser Stelle durch Diffusion. Deshalb dauert der Heilungsprozess von Ohrl\u00f6chern hier wesentlich l\u00e4nger. Die antiallergischen Erststecker d\u00fcrfen im Knorpel erst nach 12 Wochen durch andere Ohrringe ersetzt werden. Und das vollst\u00e4ndige Ausheilen der Ohrl\u00f6cher dauert hier etwa 12 Monate.<\/p>\n<\/details>\n\n\n\n<details class=\"wp-block-details is-layout-flow wp-block-details-is-layout-flow\"><summary>Wie alt muss ich f\u00fcr ein Helix oder Nasenpiercing sein?<\/summary>\n<p>Helx- oder Nasenpiercings stechen wir ab 16 Jahren, jedoch muss dazu ein Erziehungsberechtigter anwesend sein.<\/p>\n<\/details>\n\n\n\n<figure class=\"wp-block-image size-large is-resized\"><img decoding=\"async\" src=\"https:\/\/juwelier-kuhl.de\/wp-content\/uploads\/2025\/04\/STUDEX-System-75.jpg\" alt=\"\" style=\"aspect-ratio:1;object-fit:cover;width:600px\"\/><\/figure>\n\n\n\n<h2 class=\"wp-block-heading\">Nach dem Ohrlochstechen:<\/h2>\n\n\n\n<p>Wie sollten neue Ohrl\u00f6cher am besten gepflegt werden? Was sollte vermieden werden? <\/p>\n\n\n\n<details class=\"wp-block-details is-layout-flow wp-block-details-is-layout-flow\"><summary>Perfekte Pflege f\u00fcr sch\u00f6ne und gesunde Ohren<\/summary>\n<p>Sie werden besonders viel Freude an Ihren neuen Ohrl\u00f6chern haben, wenn Sie diese gut behandeln und nach dem Ohrlochstechen regelm\u00e4\u00dfig pflegen. Statistiken zeigen, dass die meisten Infektionen oder Probleme nach dem Ohrlochstechen durch eine unsachgem\u00e4\u00dfe bzw. unterlassene Nachpflege entstehen. Mit dieser Pflegeanleitung m\u00f6chten wir Ihnen daher den Heilungsprozess so optimal wie m\u00f6glich unterst\u00fctzen und Komplikationen vermeiden helfen. Waschen Sie ihre H\u00e4nde sorgf\u00e4ltig, bevor Sie den Ohrstecker oder ihr Ohr ber\u00fchren.<\/p>\n\n\n\n<p>Pflegen Sie die Ohrl\u00f6cher von der Vorder- und von der R\u00fcckseite des Ohrs, indem Sie ab 24 Stunden nach dem Ohrlochstechen mindestens zweimal t\u00e4glich ein Pflegeprodukt (Lotion, Spray oder Gel) auf das Ohrloch geben, ohne dabei den Ohrstecker zu entfernen. Bewegen Sie den Ohrstecker dabei im Ohrloch vor und zur\u00fcck.<\/p>\n\n\n\n<p>Zwischen den Reinigungen sollten die Ohren so wenig wie m\u00f6glich mit Feuchtigkeit in Ber\u00fchrung kommen.<\/p>\n<\/details>\n\n\n\n<details class=\"wp-block-details is-layout-flow wp-block-details-is-layout-flow\"><summary>Was sollte vermieden werden?<\/summary>\n<p>Es ist von \u00e4u\u00dferster Wichtigkeit, dass Sie die Ohrstecker keinesfalls entfernen und das Ohr bzw. die Ohrstecker nicht unn\u00f6tigerweise ber\u00fchren.<br>Dar\u00fcber hinaus ist es essenziell, dass Sie den Ohrsteckerverschluss nicht zu dicht an das Ohr dr\u00fccken. Achten Sie bei jedem Pflegevorgang sorgf\u00e4ltig darauf, dass der Verschluss korrekt in der Kerbe des Ohrsteckerstiftes sitzt. Durch dieses Verfahren wird gew\u00e4hrleistet, dass der Ohrstecker korrekt sitzt und eine ausreichende Luftzirkulation an den Stichkanal erm\u00f6glicht wird. Ein zu fest sitzender Ohrstecker kann eine Infektion verursachen.<\/p>\n\n\n\n<p><\/p>\n<\/details>\n\n\n\n<details class=\"wp-block-details is-layout-flow wp-block-details-is-layout-flow\"><summary>Was ist beim Duschen, Baden und Haarewaschen zu beachten?<\/summary>\n<p>Generell sollten die Ohren zwischen den Reinigungen mit dem Ohrloch-Pflegeprodukt so wenig wie m\u00f6glich mit Feuchtigkeit in Ber\u00fchrung kommen. Der Kontakt mit Haarspray, Shampoo, Seife o.\u00e4. mit den frisch gestochenen Ohrl\u00f6chern sollte vermieden werden. Nach dem Duschen oder Baden sollte das Ohr mit klarem Wasser abgesp\u00fclt und anschlie\u00dfend mit dem Pflegeprodukt behandelt werden.<\/p>\n<\/details>\n\n\n\n<details class=\"wp-block-details is-layout-flow wp-block-details-is-layout-flow\"><summary>Darf ich mit neuen Ohrl\u00f6chern schwimmen gehen?<\/summary>\n<p>W\u00e4hrend der Heilphase, die sechs Wochen f\u00fcr ein Ohrl\u00e4ppchen und zw\u00f6lf Wochen f\u00fcr ein Ohrloch im Knorpelbereich betr\u00e4gt, wird von dem Schwimmen abgeraten. Schlie\u00dflich ist das frisch gestochene Ohrloch zun\u00e4chst eine Wunde, die m\u00f6glichst keimfrei gehalten werden sollte. \u00d6ffentliche Schwimmb\u00e4der sind in der Regel mit Bakterien und anderen Keimen belastet. Die Reinigung von Pools mittels Chlor ist bedenklich, da Chlor und dessen Nebenprodukte die Haut austrocknen und irritieren k\u00f6nnen. Auch in Badeseen oder im Meer ist eine Keimbelastung nicht auszuschlie\u00dfen. Sollten Sie dennoch schwimmen gehen und das Ohr mit Wasser in Ber\u00fchrung kommen, ist es ratsam, das Ohrloch anschlie\u00dfend sofort mit dem Pflegeprodukt zu behandeln. Es besteht auch die M\u00f6glichkeit, wasserfeste Pflaster zu verwenden, die nach dem Schwimmen wieder entfernt werden k\u00f6nnen.<\/p>\n<\/details>\n\n\n\n<details class=\"wp-block-details is-layout-flow wp-block-details-is-layout-flow\"><summary>K\u00f6nnen Ohrl\u00f6cher wieder zuwachsen?<\/summary>\n<p>Frisch gestochenes oder noch nicht verheiltes Ohrlochgewebe kann wieder zuwachsen, wenn die Ohrstecker entfernt werden. Aus diesem Grund wird empfohlen, die ersten Ohrstecker mindestens sechs Wochen, im Bereich des Knorpels sogar mindestens zw\u00f6lf Wochen, ununterbrochen im Ohrl\u00e4ppchen oder im Knorpelbereich zu belassen. Die Heilungsdauer f\u00fcr Ohrl\u00f6cher betr\u00e4gt circa f\u00fcnf Monate (Ohrl\u00e4ppchen) beziehungsweise zw\u00f6lf Monate (Knorpelbereich). Einmal vollst\u00e4ndig abgeheilte Ohrl\u00f6cher wachsen nicht wieder zu. Im Stichkanal bildet sich eine Haut, die die durch das Stechen entstandene Wunde von innen verschlie\u00dft. In einigen F\u00e4llen entsteht der Eindruck des Zuwachses, weil sich im Innern ein Talgpfropfen bildet, wenn man eine Weile lang keine Ohrringe mehr tr\u00e4gt.<\/p>\n<\/details>\n\n\n\n<details class=\"wp-block-details is-layout-flow wp-block-details-is-layout-flow\"><summary>Welche Folgeohrringe sind empfehlenswert?<\/summary>\n<p>Nach Abschluss der ersten Heilungsphase, die 6 bis 12 Wochen nach dem Ohrlochstechen einsetzt, empfehlen wir, w\u00e4hrend der darauffolgenden Heilungsphase (5 bis 12 Monate) ausschlie\u00dflich Ohrstecker oder Ohrringe mit einem stiftf\u00f6rmigen Innenteil zu tragen. Wir raten von der Verwendung von Ohrh\u00e4ngern in dieser Zeit ab. Der Steckerstift sollte aus Chirurgenstahl oder einem anderen antiallergischen Material wie Titan, Echtgold oder Sterlingsilber gefertigt sein.<\/p>\n<\/details>\n\n\n\n<p><strong>Hier nochmal alle <a href=\"https:\/\/juwelier-kuhl.de\/wp-content\/uploads\/2025\/04\/Fragen-Antworten-zum-Ohrlochstechen.pdf\" data-type=\"attachment\" data-id=\"281\">Fragen und Antworten als pdf zum Herunterladen<\/a>:<\/strong><\/p>\n\n\n\n<h2 class=\"wp-block-heading\">Nasenlochstechen<\/h2>\n\n\n\n<p>Ab sofort bieten wir auch Nasenlochstechen an. Wir benutzen dazu das daf\u00fcr speziell entwickelte System 3000 der Firma Storch. Du kannst zwischen silberfarbenen oder vergoldeten Titansteckern w\u00e4hlen. Rufe gern an f\u00fcr Beratung und Terminvereinbarung.<\/p>\n\n\n\n<p>Wenn Du zwischen 16 und 18 Jahre alt bist, muss ein Erziehungsberechtigter anwesend sein (Unter 16 Jahren stechen wir keine Nasenl\u00f6cher oder Helix). <\/p>\n\n\n\n<div class=\"wp-block-columns is-layout-flex wp-container-core-columns-is-layout-9d6595d7 wp-block-columns-is-layout-flex\">\n<div class=\"wp-block-column is-layout-flow wp-block-column-is-layout-flow\">\n<figure class=\"wp-block-image size-full\"><img loading=\"lazy\" decoding=\"async\" width=\"318\" height=\"248\" src=\"https:\/\/www.juwelier-kuhl.de\/wp-content\/uploads\/2026\/04\/Nasenstecker-Titan4.jpeg\" alt=\"\" class=\"wp-image-649\" srcset=\"https:\/\/www.juwelier-kuhl.de\/wp-content\/uploads\/2026\/04\/Nasenstecker-Titan4.jpeg 318w, https:\/\/www.juwelier-kuhl.de\/wp-content\/uploads\/2026\/04\/Nasenstecker-Titan4-300x234.jpeg 300w\" sizes=\"auto, (max-width: 318px) 100vw, 318px\" \/><\/figure>\n<\/div>\n\n\n\n<div class=\"wp-block-column is-layout-flow wp-block-column-is-layout-flow\">\n<figure class=\"wp-block-image size-full\"><img loading=\"lazy\" decoding=\"async\" width=\"318\" height=\"248\" src=\"https:\/\/www.juwelier-kuhl.de\/wp-content\/uploads\/2026\/04\/Nasenstecker-Titan1.jpg\" alt=\"\" class=\"wp-image-646\" srcset=\"https:\/\/www.juwelier-kuhl.de\/wp-content\/uploads\/2026\/04\/Nasenstecker-Titan1.jpg 318w, https:\/\/www.juwelier-kuhl.de\/wp-content\/uploads\/2026\/04\/Nasenstecker-Titan1-300x234.jpg 300w\" sizes=\"auto, (max-width: 318px) 100vw, 318px\" \/><\/figure>\n<\/div>\n\n\n\n<div class=\"wp-block-column is-layout-flow wp-block-column-is-layout-flow\"><\/div>\n<\/div>\n","protected":false},"excerpt":{"rendered":"<p>Alle Infos zum Thema Ohrlochstechen Sprechen Sie uns gerne nach einem Termin zum Stechen an oder lassen Sie sich von uns vor Ort beraten. Wir nutzen das STUDEX System75, da &#8230;<\/p>\n","protected":false},"author":1,"featured_media":311,"parent":0,"menu_order":0,"comment_status":"closed","ping_status":"closed","template":"","meta":{"footnotes":""},"class_list":["post-180","page","type-page","status-publish","has-post-thumbnail","hentry"],"_links":{"self":[{"href":"https:\/\/www.juwelier-kuhl.de\/index.php\/wp-json\/wp\/v2\/pages\/180","targetHints":{"allow":["GET"]}}],"collection":[{"href":"https:\/\/www.juwelier-kuhl.de\/index.php\/wp-json\/wp\/v2\/pages"}],"about":[{"href":"https:\/\/www.juwelier-kuhl.de\/index.php\/wp-json\/wp\/v2\/types\/page"}],"author":[{"embeddable":true,"href":"https:\/\/www.juwelier-kuhl.de\/index.php\/wp-json\/wp\/v2\/users\/1"}],"replies":[{"embeddable":true,"href":"https:\/\/www.juwelier-kuhl.de\/index.php\/wp-json\/wp\/v2\/comments?post=180"}],"version-history":[{"count":21,"href":"https:\/\/www.juwelier-kuhl.de\/index.php\/wp-json\/wp\/v2\/pages\/180\/revisions"}],"predecessor-version":[{"id":652,"href":"https:\/\/www.juwelier-kuhl.de\/index.php\/wp-json\/wp\/v2\/pages\/180\/revisions\/652"}],"wp:featuredmedia":[{"embeddable":true,"href":"https:\/\/www.juwelier-kuhl.de\/index.php\/wp-json\/wp\/v2\/media\/311"}],"wp:attachment":[{"href":"https:\/\/www.juwelier-kuhl.de\/index.php\/wp-json\/wp\/v2\/media?parent=180"}],"curies":[{"name":"wp","href":"https:\/\/api.w.org\/{rel}","templated":true}]}}