{"id":152,"date":"2025-04-09T16:21:29","date_gmt":"2025-04-09T14:21:29","guid":{"rendered":"https:\/\/juwelier-kuhl.de\/?page_id=152"},"modified":"2025-12-23T17:10:07","modified_gmt":"2025-12-23T16:10:07","slug":"serviceleistungen","status":"publish","type":"page","link":"https:\/\/www.juwelier-kuhl.de\/index.php\/serviceleistungen\/","title":{"rendered":"Serviceleistungen"},"content":{"rendered":"<!-- VideographyWP Plugin Message: Automatic video embedding prevented by plugin options. -->\n\n<p>Nutzen Sie unsere professionellen Serviceleistungen, von Uhr- und Schmuck-Reparaturen \u00fcber Gr\u00f6\u00dfen\u00e4nderungen, Anfertigungen bis Ohrloch-Stechen.<\/p>\n\n\n\n<div class=\"wp-block-columns is-layout-flex wp-container-core-columns-is-layout-9d6595d7 wp-block-columns-is-layout-flex\">\n<div class=\"wp-block-column is-layout-flow wp-block-column-is-layout-flow\">\n<h2 class=\"wp-block-heading\"><a href=\"https:\/\/juwelier-kuhl.de\/index.php\/ohrlochstechen\/\" data-type=\"page\" data-id=\"180\">Ohrlochstechen<\/a><\/h2>\n\n\n\n<figure class=\"wp-block-image size-full is-resized\"><img loading=\"lazy\" decoding=\"async\" width=\"611\" height=\"419\" src=\"https:\/\/juwelier-kuhl.de\/wp-content\/uploads\/2025\/04\/Studex.jpg\" alt=\"\" class=\"wp-image-177\" style=\"aspect-ratio:3\/2;object-fit:cover;width:400px\"\/><\/figure>\n\n\n\n<p>Wir nutzen das STUDEX System75, da es sehr sanft, gewebefreundlich und kaum sp\u00fcrbar ist.<br>Das System ist praktisch ger\u00e4uschlos und daher auch ideal f\u00fcr Kinder geeignet.<\/p>\n\n\n\n<p>F\u00fcr Kinderohrloch-stechen (beide Seiten gleichzeitig) fragen Sie uns nach einem Termin.<\/p>\n\n\n\n<div class=\"wp-block-buttons is-layout-flex wp-block-buttons-is-layout-flex\">\n<div class=\"wp-block-button has-custom-width wp-block-button__width-100 is-style-outline is-style-outline--1\"><a class=\"wp-block-button__link has-white-color has-text-color has-background has-link-color has-custom-font-size wp-element-button\" href=\"https:\/\/juwelier-kuhl.de\/index.php\/ohrlochstechen\/\" style=\"border-top-left-radius:43px;border-top-right-radius:43px;border-bottom-left-radius:43px;border-bottom-right-radius:43px;background-color:#ceb042;font-size:19px\">Pflegehinweise, Fragen und Antworten<\/a><\/div>\n<\/div>\n<\/div>\n\n\n\n<div class=\"wp-block-column is-layout-flow wp-block-column-is-layout-flow\">\n<h2 class=\"wp-block-heading\">Uhrenservice<\/h2>\n\n\n\n<figure class=\"wp-block-image size-full is-resized\"><img loading=\"lazy\" decoding=\"async\" width=\"611\" height=\"419\" src=\"https:\/\/juwelier-kuhl.de\/wp-content\/uploads\/2025\/04\/80614c_4e0af0dbf43b48c195f500b4750c461c.png\" alt=\"\" class=\"wp-image-160\" style=\"aspect-ratio:3\/2;object-fit:cover;width:400px\"\/><\/figure>\n\n\n\n<p>\u2013 Batterie- und Bandwechsel<br>\u2013 Wasserdichtigkeitstest<br>\u2013 B\u00e4nder k\u00fcrzen<br>\u2013 Glaswechsel<br>\u2013 Saphir-Gl\u00e4ser einsetzen<br>\u2013 Werkwechsel<br>\u2013 Reparatur aller Uhrmarken<br>\u2013 Reparatur von mechanischen Klein- und Gro\u00dfuhren<br>\u2013 Band- und Geh\u00e4use-Reinigung<br>\u2013 Werteinsch\u00e4tzung historischer Uhren<br>\u2013 Einstellen, Justieren und Regulieren mechanischer Uhren<\/p>\n<\/div>\n<\/div>\n\n\n\n<div class=\"wp-block-columns is-layout-flex wp-container-core-columns-is-layout-9d6595d7 wp-block-columns-is-layout-flex\">\n<div class=\"wp-block-column is-layout-flow wp-block-column-is-layout-flow\">\n<h2 class=\"wp-block-heading\">Schmuckreparaturen<\/h2>\n\n\n\n<figure class=\"wp-block-image size-full is-resized\"><img loading=\"lazy\" decoding=\"async\" width=\"592\" height=\"452\" src=\"https:\/\/juwelier-kuhl.de\/wp-content\/uploads\/2025\/04\/Goldschmied-upscaled.jpg\" alt=\"\" class=\"wp-image-272\" style=\"aspect-ratio:3\/2;object-fit:cover;width:400px\"\/><\/figure>\n\n\n\n<p>\u2013 Gr\u00f6\u00dfen\u00e4nderungen<br>\u2013 Reparaturen<br>\u2013 Trauringberatung<br>\u2013 Reparatur von Perlketten oder Neuaufzug<br>\u2013 Umarbeitungen<br>\u2013 Werteinsch\u00e4tzungen von Uren Schmuck oder M\u00fcnzen (bedingt rechtskr\u00e4ftig)<\/p>\n<\/div>\n\n\n\n<div class=\"wp-block-column is-layout-flow wp-block-column-is-layout-flow\">\n<h2 class=\"wp-block-heading\">Personalisierungen<\/h2>\n\n\n\n<figure class=\"wp-block-image size-full is-resized\"><img loading=\"lazy\" decoding=\"async\" width=\"611\" height=\"419\" src=\"https:\/\/juwelier-kuhl.de\/wp-content\/uploads\/2025\/04\/Personalisierung.jpg\" alt=\"\" class=\"wp-image-175\" style=\"aspect-ratio:3\/2;object-fit:cover;width:400px\"\/><\/figure>\n\n\n\n<p>Sie suchen ein einzigartiges Geschenk mit pers\u00f6nlicher Note? Von Gravur bis Spezialanfertigung, wir helfen Ihnen, das Geschenk mit bleibendem Eindruck zu gestalten.<\/p>\n<\/div>\n<\/div>\n\n\n\n<div class=\"wp-block-columns is-layout-flex wp-container-core-columns-is-layout-9d6595d7 wp-block-columns-is-layout-flex\">\n<div class=\"wp-block-column is-layout-flow wp-block-column-is-layout-flow\">\n<h2 class=\"wp-block-heading\"><a href=\"https:\/\/juwelier-kuhl.de\/index.php\/altgoldankauf\/\" data-type=\"page\" data-id=\"72\">Altgoldabgabe<\/a><\/h2>\n\n\n\n<figure class=\"wp-block-image size-full is-resized\"><img loading=\"lazy\" decoding=\"async\" width=\"1080\" height=\"608\" src=\"https:\/\/juwelier-kuhl.de\/wp-content\/uploads\/2025\/04\/Altgold-Ankauf-Rohbild_downscaled.jpg\" alt=\"\" class=\"wp-image-270\" style=\"aspect-ratio:3\/2;object-fit:cover;width:400px\"\/><\/figure>\n\n\n\n<p>Ihr Gold ist Bares Wert! Wir geben Ihnen Bargeld f\u00fcr ihr Edelmetall zum tagesaktuellen Preis. Sprechen Sie uns gerne an.<\/p>\n<\/div>\n\n\n\n<div class=\"wp-block-column is-layout-flow wp-block-column-is-layout-flow\">\n<p><\/p>\n<\/div>\n<\/div>\n\n\n\n<div class=\"wp-block-buttons has-custom-font-size has-medium-font-size is-layout-flex wp-block-buttons-is-layout-flex\">\n<div class=\"wp-block-button has-custom-width wp-block-button__width-50 is-style-fill\"><a class=\"wp-block-button__link has-white-color has-text-color has-background has-link-color wp-element-button\" href=\"https:\/\/www.juwelier-kuhl.de\/index.php\/altgoldankauf\/\" style=\"background-color:#ceb042\" rel=\"Edelmetallankauf\">Weitere Informationen<\/a><\/div>\n<\/div>\n","protected":false},"excerpt":{"rendered":"<p>Nutzen Sie unsere professionellen Serviceleistungen, von Uhr- und Schmuck-Reparaturen \u00fcber Gr\u00f6\u00dfen\u00e4nderungen, Anfertigungen bis Ohrloch-Stechen.<\/p>\n","protected":false},"author":1,"featured_media":306,"parent":0,"menu_order":0,"comment_status":"closed","ping_status":"closed","template":"","meta":{"footnotes":""},"class_list":["post-152","page","type-page","status-publish","has-post-thumbnail","hentry"],"_links":{"self":[{"href":"https:\/\/www.juwelier-kuhl.de\/index.php\/wp-json\/wp\/v2\/pages\/152","targetHints":{"allow":["GET"]}}],"collection":[{"href":"https:\/\/www.juwelier-kuhl.de\/index.php\/wp-json\/wp\/v2\/pages"}],"about":[{"href":"https:\/\/www.juwelier-kuhl.de\/index.php\/wp-json\/wp\/v2\/types\/page"}],"author":[{"embeddable":true,"href":"https:\/\/www.juwelier-kuhl.de\/index.php\/wp-json\/wp\/v2\/users\/1"}],"replies":[{"embeddable":true,"href":"https:\/\/www.juwelier-kuhl.de\/index.php\/wp-json\/wp\/v2\/comments?post=152"}],"version-history":[{"count":27,"href":"https:\/\/www.juwelier-kuhl.de\/index.php\/wp-json\/wp\/v2\/pages\/152\/revisions"}],"predecessor-version":[{"id":636,"href":"https:\/\/www.juwelier-kuhl.de\/index.php\/wp-json\/wp\/v2\/pages\/152\/revisions\/636"}],"wp:featuredmedia":[{"embeddable":true,"href":"https:\/\/www.juwelier-kuhl.de\/index.php\/wp-json\/wp\/v2\/media\/306"}],"wp:attachment":[{"href":"https:\/\/www.juwelier-kuhl.de\/index.php\/wp-json\/wp\/v2\/media?parent=152"}],"curies":[{"name":"wp","href":"https:\/\/api.w.org\/{rel}","templated":true}]}}